{"id":644,"date":"2017-02-02T14:28:16","date_gmt":"2017-02-02T14:28:16","guid":{"rendered":"http:\/\/test.kriesi.at\/enfold-2017\/?page_id=644"},"modified":"2021-04-30T09:06:30","modified_gmt":"2021-04-30T09:06:30","slug":"nosotros","status":"publish","type":"page","link":"https:\/\/segurosconseguridad.es\/index.php\/pages\/nosotros\/","title":{"rendered":"Nosotros"},"content":{"rendered":"<div id='av_section_1'  class='avia-section main_color avia-section-large avia-no-border-styling  avia-bg-style-scroll  avia-builder-el-0  el_before_av_section  avia-builder-el-first   container_wrap sidebar_right' style='background-repeat: no-repeat; background-image: url(https:\/\/segurosconseguridad.es\/wp-content\/uploads\/2021\/03\/bannerquienessomos.png);background-attachment: scroll; background-position: top left;  margin-top:0px; margin-bottom:20px; '  data-section-bg-repeat='no-repeat'><div class='container' ><main  role=\"main\" itemprop=\"mainContentOfPage\"  class='template-page content  av-content-small alpha units'><div class='post-entry post-entry-type-page post-entry-644'><div class='entry-content-wrapper clearfix'>\n<div class=\"flex_column av_one_fifth  flex_column_div av-zero-column-padding first  avia-builder-el-1  el_before_av_one_fifth  avia-builder-el-first  \" style='border-radius:0px; '><\/div><div class=\"flex_column av_three_fifth  flex_column_div av-zero-column-padding   \" style='border-radius:0px; '><section class=\"av_textblock_section \"  itemscope=\"itemscope\" itemtype=\"https:\/\/schema.org\/CreativeWork\" ><div class='avia_textblock  '   itemprop=\"text\" ><div class=\"page\" title=\"Page 2\">\n<h3 class=\"section\"><span style=\"color: #ffffff;\">\u00bfQui\u00e9nes hay detr\u00e1s de Seguros con Seguridad?<\/span><\/h3>\n<div class=\"layoutArea\">\n<div class=\"column\">\n<p><span style=\"color: #ffffff;\">Detr\u00e1s de la seguridad de tu empresa hay muchos factores en juego.<\/span><br \/>\n<span style=\"color: #ffffff;\"> Seguros con Seguridad es fruto de la sinergia de 3 empresas que te ofrecen un servicio integral de seguridad \u00fanico.<\/span><\/p>\n<\/div>\n<\/div>\n<\/div>\n<\/div><\/section><\/div><div class=\"flex_column av_one_fifth  flex_column_div av-zero-column-padding   avia-builder-el-2  el_after_av_one_fifth  el_before_av_one_fifth  \" style='border-radius:0px; '><\/div><div class='flex_column_table av-equal-height-column-flextable -flextable' ><div class=\"flex_column av_one_fifth  flex_column_table_cell av-equal-height-column av-align-middle av-zero-column-padding first  \" style='border-radius:0px; '><\/div><\/div><!--close column table wrapper. Autoclose: 1 --><div class='flex_column_table av-equal-height-column-flextable -flextable' ><div class='av-flex-placeholder'><\/div><div class=\"flex_column av_one_fifth  flex_column_table_cell av-equal-height-column av-align-middle av-zero-column-padding   \" style='border-radius:0px; '><p><div  class='avia-image-container  av-styling-    avia-align-center '  itemprop=\"image\" itemscope=\"itemscope\" itemtype=\"https:\/\/schema.org\/ImageObject\"  ><div class='avia-image-container-inner'><div class='avia-image-overlay-wrap'><img class='wp-image-3719 avia-img-lazy-loading-not-3719 avia_image' src=\"https:\/\/segurosconseguridad.es\/wp-content\/uploads\/2021\/03\/FernandoBravo-180x180.jpg\" alt='' title='FernandoBravo' height=\"180\" width=\"180\"  itemprop=\"thumbnailUrl\" srcset=\"https:\/\/segurosconseguridad.es\/wp-content\/uploads\/2021\/03\/FernandoBravo-180x180.jpg 180w, https:\/\/segurosconseguridad.es\/wp-content\/uploads\/2021\/03\/FernandoBravo-300x300.jpg 300w, https:\/\/segurosconseguridad.es\/wp-content\/uploads\/2021\/03\/FernandoBravo-80x80.jpg 80w, https:\/\/segurosconseguridad.es\/wp-content\/uploads\/2021\/03\/FernandoBravo-36x36.jpg 36w, https:\/\/segurosconseguridad.es\/wp-content\/uploads\/2021\/03\/FernandoBravo.jpg 600w\" sizes=\"(max-width: 180px) 100vw, 180px\" \/><\/div><\/div><\/div><br \/>\n<section class=\"av_textblock_section \"  itemscope=\"itemscope\" itemtype=\"https:\/\/schema.org\/CreativeWork\" ><div class='avia_textblock  '   itemprop=\"text\" ><div class=\"page\" title=\"Page 2\">\n<div class=\"section\">\n<div class=\"layoutArea\">\n<div class=\"column\">\n<p><strong><span style=\"color: #ffffff;\">Bravo y C\u00eda Corredur\u00eda de Seguros<\/span><\/strong><br \/>\n<span style=\"color: #ffffff;\">Asesoramiento sobre protecci\u00f3n del programa de seguros.<\/span><\/p>\n<\/div>\n<\/div>\n<\/div>\n<\/div>\n<\/div><\/section><\/p><\/div><\/div><!--close column table wrapper. Autoclose: 1 --><div class='flex_column_table av-equal-height-column-flextable -flextable' ><div class='av-flex-placeholder'><\/div><div class=\"flex_column av_one_fifth  flex_column_table_cell av-equal-height-column av-align-middle av-zero-column-padding   \" style='border-radius:0px; '><p><div  class='avia-image-container  av-styling-    avia-align-center '  itemprop=\"image\" itemscope=\"itemscope\" itemtype=\"https:\/\/schema.org\/ImageObject\"  ><div class='avia-image-container-inner'><div class='avia-image-overlay-wrap'><img class='wp-image-3723 avia-img-lazy-loading-not-3723 avia_image' src=\"https:\/\/segurosconseguridad.es\/wp-content\/uploads\/2021\/03\/rafael-trapiello-180x180.jpg\" alt='' title='rafael-trapiello' height=\"180\" width=\"180\"  itemprop=\"thumbnailUrl\" srcset=\"https:\/\/segurosconseguridad.es\/wp-content\/uploads\/2021\/03\/rafael-trapiello-180x180.jpg 180w, https:\/\/segurosconseguridad.es\/wp-content\/uploads\/2021\/03\/rafael-trapiello-300x300.jpg 300w, https:\/\/segurosconseguridad.es\/wp-content\/uploads\/2021\/03\/rafael-trapiello-80x80.jpg 80w, https:\/\/segurosconseguridad.es\/wp-content\/uploads\/2021\/03\/rafael-trapiello-36x36.jpg 36w, https:\/\/segurosconseguridad.es\/wp-content\/uploads\/2021\/03\/rafael-trapiello.jpg 600w\" sizes=\"(max-width: 180px) 100vw, 180px\" \/><\/div><\/div><\/div><br \/>\n<section class=\"av_textblock_section \"  itemscope=\"itemscope\" itemtype=\"https:\/\/schema.org\/CreativeWork\" ><div class='avia_textblock  '   itemprop=\"text\" ><div class=\"page\" title=\"Page 2\">\n<div class=\"section\">\n<div class=\"layoutArea\">\n<div class=\"column\">\n<div class=\"page\" title=\"Page 2\">\n<div class=\"section\">\n<div class=\"layoutArea\">\n<div class=\"column\">\n<p><strong><span style=\"color: #ffffff;\">Grupo 10<\/span><\/strong><\/br><br \/>\n<span style=\"color: #ffffff;\">Valoraci\u00f3n de activos y peritaci\u00f3n del asegurado.<\/span><\/div>\n<\/div>\n<\/div>\n<\/div>\n<\/div>\n<\/div>\n<\/div>\n<\/div>\n<\/div><\/section><\/p><\/div><\/div><!--close column table wrapper. Autoclose: 1 --><div class='flex_column_table av-equal-height-column-flextable -flextable' ><div class='av-flex-placeholder'><\/div><div class=\"flex_column av_one_fifth  flex_column_table_cell av-equal-height-column av-align-middle av-zero-column-padding   \" style='border-radius:0px; '><p><div  class='avia-image-container  av-styling-    avia-align-center '  itemprop=\"image\" itemscope=\"itemscope\" itemtype=\"https:\/\/schema.org\/ImageObject\"  ><div class='avia-image-container-inner'><div class='avia-image-overlay-wrap'><img class='wp-image-3672 avia-img-lazy-loading-not-3672 avia_image' src=\"https:\/\/segurosconseguridad.es\/wp-content\/uploads\/2021\/03\/Captura-de-pantalla-2021-03-28-a-las-18.32.28-180x180.png\" alt='' title='Captura de pantalla 2021-03-28 a las 18.32.28' height=\"180\" width=\"180\"  itemprop=\"thumbnailUrl\" srcset=\"https:\/\/segurosconseguridad.es\/wp-content\/uploads\/2021\/03\/Captura-de-pantalla-2021-03-28-a-las-18.32.28-180x180.png 180w, https:\/\/segurosconseguridad.es\/wp-content\/uploads\/2021\/03\/Captura-de-pantalla-2021-03-28-a-las-18.32.28-80x80.png 80w, https:\/\/segurosconseguridad.es\/wp-content\/uploads\/2021\/03\/Captura-de-pantalla-2021-03-28-a-las-18.32.28-36x36.png 36w\" sizes=\"(max-width: 180px) 100vw, 180px\" \/><\/div><\/div><\/div><br \/>\n<section class=\"av_textblock_section \"  itemscope=\"itemscope\" itemtype=\"https:\/\/schema.org\/CreativeWork\" ><div class='avia_textblock  '   itemprop=\"text\" ><div class=\"page\" title=\"Page 2\">\n<div class=\"section\">\n<div class=\"layoutArea\">\n<div class=\"column\">\n<div class=\"page\" title=\"Page 2\">\n<div class=\"section\">\n<div class=\"layoutArea\">\n<div class=\"column\">\n<p><span style=\"color: #ffffff;\"><strong>Grupo CV<\/strong><\/span><\/p>\n<div class=\"page\" title=\"Page 2\">\n<div class=\"section\">\n<div class=\"layoutArea\">\n<div class=\"column\">\n<p>Prevenci\u00f3n, detecci\u00f3n y extinci\u00f3n de incendios y robo.<\/p>\n<\/div>\n<\/div>\n<\/div>\n<\/div>\n<\/div>\n<\/div>\n<\/div>\n<\/div>\n<\/div>\n<\/div>\n<\/div>\n<\/div>\n<\/div><\/section><\/p><\/div><\/div><!--close column table wrapper. Autoclose: 1 --><div class='flex_column_table av-equal-height-column-flextable -flextable' ><div class='av-flex-placeholder'><\/div><div class=\"flex_column av_one_fifth  flex_column_table_cell av-equal-height-column av-align-middle av-zero-column-padding   \" style='border-radius:0px; '><\/div><\/div><!--close column table wrapper. Autoclose: 1 --><\/div><\/div><\/main><!-- close content main element --><\/div><\/div><div id='av_section_2'  class='avia-section main_color avia-section-no-padding avia-no-border-styling  avia-bg-style-scroll   container_wrap sidebar_right' style=' '  ><div class='container' ><div class='template-page content  av-content-small alpha units'><div class='post-entry post-entry-type-page post-entry-644'><div class='entry-content-wrapper clearfix'>\n<div class=\"flex_column av_one_fifth  flex_column_div av-zero-column-padding first  \" style='border-radius:0px; '><\/div><div class=\"flex_column av_three_fifth  flex_column_div av-zero-column-padding   \" style='border-radius:0px; '><div  class='avia-image-container  av-styling-    avia-align-center '  itemprop=\"image\" itemscope=\"itemscope\" itemtype=\"https:\/\/schema.org\/ImageObject\"  ><div class='avia-image-container-inner'><div class='avia-image-overlay-wrap'><img class='wp-image-3686 avia-img-lazy-loading-not-3686 avia_image' src=\"https:\/\/segurosconseguridad.es\/wp-content\/uploads\/2021\/03\/3empresas-1.png\" alt='' title='3empresas' height=\"430\" width=\"1394\"  itemprop=\"thumbnailUrl\" srcset=\"https:\/\/segurosconseguridad.es\/wp-content\/uploads\/2021\/03\/3empresas-1.png 1394w, https:\/\/segurosconseguridad.es\/wp-content\/uploads\/2021\/03\/3empresas-1-300x93.png 300w, https:\/\/segurosconseguridad.es\/wp-content\/uploads\/2021\/03\/3empresas-1-1030x318.png 1030w, https:\/\/segurosconseguridad.es\/wp-content\/uploads\/2021\/03\/3empresas-1-768x237.png 768w, https:\/\/segurosconseguridad.es\/wp-content\/uploads\/2021\/03\/3empresas-1-705x217.png 705w\" sizes=\"(max-width: 1394px) 100vw, 1394px\" \/><\/div><\/div><\/div><\/div><div class=\"flex_column av_one_fifth  flex_column_div av-zero-column-padding   \" style='border-radius:0px; '><\/div><div  style='height:50px' class='hr hr-invisible  '><span class='hr-inner ' ><span class='hr-inner-style'><\/span><\/span><\/div>\n<section class=\"av_textblock_section \"  itemscope=\"itemscope\" itemtype=\"https:\/\/schema.org\/CreativeWork\" ><div class='avia_textblock  '   itemprop=\"text\" ><div class=\"page\" title=\"Page 3\">\n<div class=\"section\">\n<div class=\"layoutArea\">\n<div class=\"column\">\n<p><strong>Entre las 3 empresas sumamos m\u00e1s de 90 a\u00f1os de experiencia, siempre trabajando para llegar a un punto en com\u00fan: proteger tu empresa a todos los niveles.<\/strong> Conocemos tu sector, entendemos los riesgos a los que te enfrentas cada d\u00eda y nos ponemos en tu piel para ayudarte a que tu empresa est\u00e9 protegida ante cualquier incidente.<\/p>\n<p><strong>Esta uni\u00f3n se ha madurado durante mucho tiempo.<\/strong>Hemos coincidido asegurando la tranquilidad de muchos empresarios como t\u00fa; y tambi\u00e9n hemos desarrollado acciones conjuntas, trabajando en paralelo. Pero nunca hab\u00edamos pensado en unir nuestras fuerzas en un proyecto en com\u00fan.<\/div>\n<\/div>\n<\/div>\n<\/div>\n<\/div><\/section>\n<div  style='height:50px' class='hr hr-invisible  '><span class='hr-inner ' ><span class='hr-inner-style'><\/span><\/span><\/div>\n<\/div><\/div><\/div><!-- close content main div --><\/div><\/div><div id='after_section_2'  class='main_color av_default_container_wrap container_wrap sidebar_right' style=' '  ><div class='container' ><div class='template-page content  av-content-small alpha units'><div class='post-entry post-entry-type-page post-entry-644'><div class='entry-content-wrapper clearfix'><\/p>\n<\/div><\/div><\/div><!-- close content main div --><\/div><\/div><div id='av_section_3'  class='avia-section main_color avia-section-default avia-no-border-styling  avia-bg-style-scroll   container_wrap sidebar_right' style='background-color: #c1c1c1;  '  ><div class='container' ><div class='template-page content  av-content-small alpha units'><div class='post-entry post-entry-type-page post-entry-644'><div class='entry-content-wrapper clearfix'>\n<div class=\"flex_column av_one_half  flex_column_div av-zero-column-padding first  \" style='border-radius:0px; '><div  class='avia-image-container  av-styling-    avia-align-center '  itemprop=\"image\" itemscope=\"itemscope\" itemtype=\"https:\/\/schema.org\/ImageObject\"  ><div class='avia-image-container-inner'><div class='avia-image-overlay-wrap'><img class='wp-image-3574 avia-img-lazy-loading-not-3574 avia_image' src=\"https:\/\/segurosconseguridad.es\/wp-content\/uploads\/2015\/07\/seguros-con-seguridad-495x400.jpg\" alt='' title='seguros-con-seguridad' height=\"400\" width=\"495\"  itemprop=\"thumbnailUrl\" srcset=\"https:\/\/segurosconseguridad.es\/wp-content\/uploads\/2015\/07\/seguros-con-seguridad-495x400.jpg 495w, https:\/\/segurosconseguridad.es\/wp-content\/uploads\/2015\/07\/seguros-con-seguridad-845x684.jpg 845w\" sizes=\"(max-width: 495px) 100vw, 495px\" \/><\/div><\/div><\/div><\/div><div class=\"flex_column av_one_half  flex_column_div av-zero-column-padding   \" style='border-radius:0px; '><section class=\"av_textblock_section \"  itemscope=\"itemscope\" itemtype=\"https:\/\/schema.org\/CreativeWork\" ><div class='avia_textblock  '   itemprop=\"text\" ><div class=\"page\" title=\"Page 3\">\n<div class=\"section\">\n<div class=\"layoutArea\">\n<div class=\"column\">\n<p><span style=\"color: #ffffff;\"><strong>Y ahora hemos dado el paso. Pensando en c\u00f3mo mejorar la protecci\u00f3n que te ofrecemos.<\/strong><\/span><br \/>\n<span style=\"color: #ffffff;\"> Este proyecto surgi\u00f3 en una comida; porque adem\u00e1s de proteger a nuestros clientes, tambi\u00e9n compartimos experiencias y vivencias alrededor de una mesa degustando un buen men\u00fa.<\/span><\/p>\n<p><span style=\"color: #ffffff;\">Y, tras valorar la buena relaci\u00f3n entre las 3 empresas, decidimos emprender un camino juntos, paralelo a nuestras respectivas empresas.<\/span><br \/>\n<span style=\"color: #ffffff;\"> As\u00ed surgi\u00f3 \u201cSeguros son Seguridad\u201d; un servicio \u00fanico en Espa\u00f1a que analiza todos los \u00e1mbitos de tu empresa y te ofrece soluciones a tu medida para que puedas evitar incidentes y para que, llegado el momento de sufrir un problema, tengas un respaldo para hacerle frente.<\/span><\/p>\n<\/div>\n<\/div>\n<\/div>\n<\/div>\n<\/div><\/section><\/div>\n<\/div><\/div><\/div><!-- close content main div --><\/div><\/div><div id='after_section_3'  class='main_color av_default_container_wrap container_wrap sidebar_right' style=' '  ><div class='container' ><div class='template-page content  av-content-small alpha units'><div class='post-entry post-entry-type-page post-entry-644'><div class='entry-content-wrapper clearfix'>\n","protected":false},"excerpt":{"rendered":"","protected":false},"author":1,"featured_media":0,"parent":603,"menu_order":0,"comment_status":"closed","ping_status":"closed","template":"","meta":[],"_links":{"self":[{"href":"https:\/\/segurosconseguridad.es\/index.php\/wp-json\/wp\/v2\/pages\/644"}],"collection":[{"href":"https:\/\/segurosconseguridad.es\/index.php\/wp-json\/wp\/v2\/pages"}],"about":[{"href":"https:\/\/segurosconseguridad.es\/index.php\/wp-json\/wp\/v2\/types\/page"}],"author":[{"embeddable":true,"href":"https:\/\/segurosconseguridad.es\/index.php\/wp-json\/wp\/v2\/users\/1"}],"replies":[{"embeddable":true,"href":"https:\/\/segurosconseguridad.es\/index.php\/wp-json\/wp\/v2\/comments?post=644"}],"version-history":[{"count":83,"href":"https:\/\/segurosconseguridad.es\/index.php\/wp-json\/wp\/v2\/pages\/644\/revisions"}],"predecessor-version":[{"id":3728,"href":"https:\/\/segurosconseguridad.es\/index.php\/wp-json\/wp\/v2\/pages\/644\/revisions\/3728"}],"up":[{"embeddable":true,"href":"https:\/\/segurosconseguridad.es\/index.php\/wp-json\/wp\/v2\/pages\/603"}],"wp:attachment":[{"href":"https:\/\/segurosconseguridad.es\/index.php\/wp-json\/wp\/v2\/media?parent=644"}],"curies":[{"name":"wp","href":"https:\/\/api.w.org\/{rel}","templated":true}]}}